h**2 - 160*h - 973. Calculate y(-17).
13
Let m(f) = -f**2 + 637*f + 68709. What is m(-94)?
-5
Let r(i) = i**3 + 13*i**2 + 35*i + 39. Determine r(-10).
-11
Let n(j) = 330*j - 12863. What is n(39)?
7
Let w(q) = q**2 - 49*q + 524. Calculate w(15).
14
Let c(p) = -1294*p - 7772. What is c(-6)?
-8
Let j(n) = 4*n + 128. Calculate j(4).
144
Let d(v) = -92*v + 131. Calculate d(3).
-145
Let b(r) = -57*r + 1835. Determine b(33).
-46
Let g(h) = -194*h - 915. Give g(-4).
-139
Let h(j) = -27*j**2 + 171*j - 55. Give h(6).
-1
Let t(h) = 2*h**2 + 191*h - 3575. Give t(16).
-7
Let m(q) = -q**3 - 5*q**2 - 16*q - 74. Determine m(0).
-74
Let r(z) = 469*z**3 + 3*z**2 - 5*z + 1. Calculate r(1).
468
Let w(u) = -28*u**2 + u + 9. Determine w(0).
9
Let n(b) = 5*b + 23. What is n(-68)?
-317
Let a(s) = 2*s**2 + 8*s - 6. Calculate a(7).
148
Let q(o) = 568*o**2 + 3977*o + 5. Give q(-7).
-2
Let f(i) = i**2 - 770*i + 14277. Determine f(19).
8
Let c(p) = -p**3 + 145*p**2 + 150*p - 588. Calculate c(146).
-4
Let s(w) = w**3 + 27*w**2 + 76*w + 104. Give s(-24).
8
Let r(f) = -2*f**3 + 25*f**2 - 8*f - 27. Calculate r(12).
21
Let n(y) = -6362*y - 6370. Give n(-1).
-8
Let m(z) = -z**2 + 2*z - 1. Give m(-9).
-100
Let g(w) = 8*w**2 - 28*w - 10. Determine g(8).
278
Let q(b) = -b**3 + 15*b**2 + 19*b - 36. What is q(16)?
12
Let k(o) = -o**3 + 17*o**2 + 309*o - 2. Calculate k(28).
26
Let d(i) = -6*i - 526. Determine d(-40).
-286
Let c(v) = -v**2 - 10470*v + 52379. Determine c(5).
4
Let o(l) = 26*l**2 + 5*l - 6. What is o(-3)?
213
Let c(d) = d**2 + 14*d + 131. Calculate c(-16).
163
Let f(c) = -4*c**3 - 34*c**2 + 171*c - 43. What is f(-12)?
-79
Let a(b) = -2*b**2 - 78*b - 155. Determine a(-37).
-7
Let l(p) = 373*p + 6333. Determine l(-17).
-8
Let b(k) = -4*k**2 + 30*k + 127. Give b(11).
-27
Let y(j) = 8*j - 331. Give y(40).
-11
Let i(j) = j**3 - 50*j**2 - 108*j + 148. Calculate i(52).
-60
Let b(g) = 154*g - 1231. Give b(8).
1
Let h(o) = 140*o + 1101. Calculate h(-8).
-19
Let g(f) = -f**3 + 8*f**2 - 169*f + 1137. Give g(7).
3
Let v(y) = -2*y**2 + 10*y - 57. Determine v(7).
-85
Let v(u) = -62*u + 762. What is v(6)?
390
Let h(q) = -2*q**2 + 48*q - 414. Calculate h(10).
-134
Let f(s) = -131*s - 35. Calculate f(-3).
358
Let z(t) = -2*t**2 + 15*t - 31. Determine z(5).
-6
Let r(l) = 8*l**2 + 4*l - 2. Determine r(-6).
262
Let f(y) = 51*y + 313. Calculate f(-6).
7
Let v(q) = -915*q - 7325. Calculate v(-8).
-5
Let r(i) = -i**3 + 24*i**2 - 89*i. Determine r(19).
114
Let r(u) = -52*u + 2451. Give r(47).
7
Let i(g) = -44*g - 576. What is i(-13)?
-4
Let z(r) = -r**2 + 42*r + 182. Give z(51).
-277
Let w(j) = -49*j - 981. Determine w(-20).
-1
Let p(j) = -j**2 + 146*j + 11833. Give p(-58).
1
Let b(k) = -7*k**2 - 76*k + 22. Determine b(-12).
-74
Let k(u) = -16*u - 39. Determine k(1).
-55
Let w(h) = -2*h**3 - 94*h**2 + h + 35. Give w(-47).
-12
Let j(p) = p**2 + 22*p + 176. Calculate j(-11).
55
Let r(z) = 20*z - 157. Give r(7).
-17
Let a(w) = w**3 - 7*w**2 - 97*w + 574. Give a(6).
-44
Let s(z) = -8*z**2 - 7*z + 716. Give s(9).
5
Let t(y) = 509*y - 39719. Calculate t(78).
-17
Let g(w) = 9*w**2 - 2*w + 110. Calculate g(0).
110
Let u(k) = -28*k + 1497. Give u(55).
-43
Let x(z) = 16*z**2 + 23*z - 11. What is x(-2)?
7
Let h(i) = -4*i**3 - 7*i**2 + 2*i - 1. Calculate h(-3).
38
Let t(s) = 6*s - 239. Calculate t(20).
-119
Let x(b) = -b**3 - 10*b**2 - 9*b - 29. Calculate x(-7).
-113
Let d(s) = 4*s**2 + 16*s - 39. Determine d(7).
269
Let o(r) = -8*r**2 + 340*r - 798. Determine o(40).
2
Let k(s) = -s**3 + 25*s**2 + 27*s + 2. Determine k(26).
28
Let s(n) = -5*n - 50. Give s(-11).
5
Let n(z) = z**2 + 19*z - 26. Give n(-16).
-74
Let n(a) = -a**2 - 55*a - 196. Determine n(-40).
404
Let g(q) = 3*q + 87. Calculate g(-5).
72
Let s(t) = 74*t - 1382. What is s(19)?
24
Let b(c) = 10*c**2 - 282*c + 544. What is b(26)?
-28
Let s(u) = -228*u + 3232. Determine s(14).
40
Let q(c) = 210*c**3 + 2*c**2 - 3*c. Determine q(1).
209
Let y(t) = -6*t + 196. What is y(38)?
-32
Let k(h) = -21499*h - 279488. Give k(-13).
-1
Let c(n) = -n**2 + 46*n - 282. Determine c(7).
-9
Let u(l) = -2*l**3 - 81*l**2 + 309*l + 39. Determine u(-44).
-5
Let i(b) = 167*b + 3027. Calculate i(-17).
188
Let g(y) = -314*y - 3868. What is g(-12)?
-100
Let t(r) = -r**3 + 6*r**2 + 5*r - 23. Give t(4).
29
Let v(d) = d**3 + 4*d**2 - 237*d - 1347. What is v(-6)?
3
Let z(h) = 5*h**3 + 5*h**2 + 78*h + 73. What is z(-1)?
-5
Let z(p) = -42*p**3 + p**2 - 3*p + 1. Determine z(2).
-337
Let o(q) = -154*q - 96. What is o(3)?
-558
Let x(n) = -n**3 + 1212*n**2 + 6094*n + 15. Give x(-5).
-30
Let w(j) = j**3 + 11*j**2 - 547*j - 45. Calculate w(19).
392
Let l(d) = -1186*d - 16585. Give l(-14).
19
Let c(o) = -2*o**3 - 96*o**2 - 95*o - 113. Give c(-47).
-66
Let z(j) = j + 35. Calculate z(3).
38
Let i(x) = -24*x + 2588. Calculate i(85).
548
Let j(o) = -3*o**3 - 28*o**2 - 3*o + 16. What is j(-9)?
-38
Let h(k) = -149*k - 311. What is h(-2)?
-13
Let a(t) = -t**2 + t - 19. What is a(16)?
-259
Let w(f) = f**3 + 37*f**2 + 272*f - 2. What is w(-27)?
-56
Let b(w) = -w**3 + 2*w**2 + 9*w - 11. What is b(6)?
-101
Let h(w) = -4*w**3 - 53*w**2 - 28*w - 41. Give h(-12).
-425
Let o(f) = -8*f**2 + 57*f + 306. Determine o(-5).
-179
Let b(o) = -2*o**2 - 31*o + 2251. Calculate b(-42).
25
Let g(v) = -715*v - 1454. What is g(-2)?
-24
Let u(j) = -3*j**2 - 56*j + 449. Determine u(6).
5
Let v(b) = -2*b**3 + 35*b**2 + 7*b + 98. Determine v(18).
-100
Let m(w) = -w**3 - 9*w**2 - 8*w - 68. What is m(-9)?
4
Let c(q) = -196*q**2 + 3922*q - 18. Give c(20).
22
Let f(s) = 17*s + 245. Determine f(-12).
41
Let r(s) = -200*s + 353. Calculate r(3).
-247
Let r(h) = -373*h - 1753. Give r(-5).
112
Let b(d) = 1298*d + 6496. Calculate b(-5).
6
Let z(p) = -p**2 - 27*p + 66. Give z(-14).
248
Let y(g) = -5*g**3 + 55*g**2 + 12*g - 5. Give y(11).
127
Let j(i) = 19*i**3 - 4*i**2 - 13*i + 26. Give j(2).
136
Let z(y) = 6560*y + 26243. Calculate z(-4).
3
Let h(m) = -43*m**3 - 6*m - 7. Determine h(-1).
42
Let p(t) = -53*t - 1794. What is p(-34)?
8
Let x(t) = -147*t**3 - 2*t**2 + 2. Calculate x(-1).
147
Let a(k) = 1677*k + 35214. Determine a(-21).
-3
Let p(i) = -4*i**2 + 24*i - 7. Give p(3).
29
Let n(v) = -306*v + 910. What is n(3)?
-8
Let m(v) = -3*v + 109. Give m(8).
85
Let g(w) = -w**2 + 19*w - 81. Calculate g(9).
9
Let c(w) = -w**2 - 73*w + 222. What is c(-76)?
-6
Let j(z) = -890*z - 5361. What is j(-6)?
-21
Let j(a) = 2*a**3 - 59*a**2 - 23*a - 217. Calculate j(30).
-7
Let o(i) = 2*i**2 + 218*i + 2335. Give o(-12).
7
Let x(f) = 159*f - 3656. Give x(23).
1
Let p(h) = -h**3 - 9*h**2 - 24*h - 101. Determine p(-7).
-31
Let f(r) = -9*r**2 + 937*r - 105. Determine f(104).
-1
Let s(a) = a**3 + 67*a**2 + 109*a - 1383. Determine s(-65).
-18
Let i(o) = -o**3 + 7*o**2 - 26*o + 9. Calculate i(6).
-111
Let i(z) = -407*z + 1595. Determine i(4).
-33
Let h(x) = -x**3 + 10*x**2 - 18*x + 147. Give h(10).
-33
Let s(t) = -50*t**2 - 9*t + 15. Determine s(2).
-203
Let r(a) = -a**3 - 51*a**2 + 120*a + 734. Give r(-53).
-8
Let w(l) = -175*l + 12798. Calculate w(73).
23
Let s(m) = -37*m + 1212. Give s(33).
-9
Let x(u) = u**3 - 2314*u**2 + 4623*u + 6. Determine x(2).
4
Let m(u) = -u**2 + 136*u + 130. Determine m(-1).
-7
Let u(m) = 195*m + 11894. Calculate u(-61).
-1
Let x(j) = -2*j**3 - j**2 - 39*j - 145. Calculate x(-3).
17
Let s(w) = 2*w**3 + 199*w**2 + 3869*w + 27. Determine s(-73).
27
Let u(g) = g**2 - 755*g - 6127. What is u(-8)?
-23
Let a(p) = 2*p**3 - 6*p**2 + 39*p - 76. Calculate a(2).
-6
Let b(q) = -2*q**2 + 55*q - 918. Give b(14).
-540
Let k(z) = 121*z**3 + z + 2. Calculate k(-1).
-120
Let v(u) = u**3 - 14*u**2 - 13*u + 444. What is v(10)?
-86
Let q(p) = p**3 - 8*p**2 + 8*p + 9. Calculate q(2).
1
Let z(c) = -c**2 - 7*c + 3290. What is z(54)?
-4
Let l(m) = -3*m**2 + 60*m + 168. What is l(-3)?
-39
Let k(l) = 2*l**2 + 38*l - 189. Give k(4).
-5
Let j(u) = -8*u**2 + 14*u - 20. Determine j(2).
-24
Let t(x) = -4*x**3 + 54*x**2 - 3*x - 45. Calculate t(13).
254
Let y(n) = 11*n**3 - 2*n**2 - 39*n + 44. Determine y(1).
14
Let c(m) = -m**3 - 20*m**2 + 15*m - 167. Give c(-21).
-41
Let p(r) = 2*r**3 - 4*r**2 - 26*r + 41. Give p(4).
1
Let c(z) = -6*z**3 - 26*z**2 + 24*z + 2. Calculate c(1).
-6
Let y(p) = p**3 + 12*p**2 + 9*p - 35. Calculate y(-11).
-13
Let x(w) = -w**